the remainder when 135 is divided by 6.
3
What is the remainder when 950 is divided by 91?
40
What is the remainder when 19 is divided by 7?
5
Calculate the remainder when 81 is divided by 4.
1
What is the remainder when 833 is divided by 270?
23
Calculate the remainder when 1417 is divided by 470.
7
What is the remainder when 331 is divided by 53?
13
What is the remainder when 253 is divided by 68?
49
What is the remainder when 13435 is divided by 192?
187
What is the remainder when 1203 is divided by 71?
67
What is the remainder when 326 is divided by 326?
0
Calculate the remainder when 832 is divided by 183.
100
Calculate the remainder when 545 is divided by 177.
14
Calculate the remainder when 213 is divided by 31.
27
Calculate the remainder when 295 is divided by 37.
36
What is the remainder when 507 is divided by 256?
251
Calculate the remainder when 321 is divided by 35.
6
What is the remainder when 1884 is divided by 46?
44
What is the remainder when 153 is divided by 32?
25
What is the remainder when 14 is divided by 5?
4
What is the remainder when 202 is divided by 91?
20
What is the remainder when 898 is divided by 27?
7
What is the remainder when 46528 is divided by 23?
22
Calculate the remainder when 1715 is divided by 26.
25
What is the remainder when 174 is divided by 44?
42
What is the remainder when 635 is divided by 111?
80
What is the remainder when 2046 is divided by 12?
6
Calculate the remainder when 1059 is divided by 14.
9
Calculate the remainder when 433 is divided by 30.
13
Calculate the remainder when 734 is divided by 11.
8
What is the remainder when 5741 is divided by 33?
32
What is the remainder when 1396 is divided by 201?
190
Calculate the remainder when 49 is divided by 8.
1
Calculate the remainder when 1328 is divided by 42.
26
Calculate the remainder when 727 is divided by 7.
6
Calculate the remainder when 100 is divided by 44.
12
Calculate the remainder when 1609 is divided by 179.
177
Calculate the remainder when 114 is divided by 23.
22
Calculate the remainder when 725 is divided by 164.
69
Calculate the remainder when 74 is divided by 26.
22
What is the remainder when 67 is divided by 14?
11
What is the remainder when 74 is divided by 38?
36
Calculate the remainder when 286 is divided by 9.
7
What is the remainder when 120 is divided by 26?
16
What is the remainder when 621 is divided by 89?
87
What is the remainder when 84 is divided by 35?
14
What is the remainder when 3807 is divided by 112?
111
What is the remainder when 5853 is divided by 87?
24
What is the remainder when 1224 is divided by 35?
34
Calculate the remainder when 257 is divided by 191.
66
Calculate the remainder when 9184 is divided by 167.
166
What is the remainder when 31 is divided by 7?
3
Calculate the remainder when 1454 is divided by 156.
50
Calculate the remainder when 44 is divided by 2.
0
What is the remainder when 253 is divided by 51?
49
Calculate the remainder when 68 is divided by 23.
22
What is the remainder when 240 is divided by 18?
6
Calculate the remainder when 136 is divided by 106.
30
What is the remainder when 1039 is divided by 36?
31
What is the remainder when 487 is divided by 17?
11
Calculate the remainder when 470 is divided by 65.
15
What is the remainder when 30 is divided by 17?
13
What is the remainder when 1137 is divided by 15?
12
What is the remainder when 100 is divided by 21?
16
Calculate the remainder when 264 is divided by 45.
39
Calculate the remainder when 32 is divided by 12.
8
What is the remainder when 1585 is divided by 53?
48
What is the remainder when 62 is divided by 25?
12
Calculate the remainder when 303 is divided by 62.
55
What is the remainder when 237 is divided by 217?
20
Calculate the remainder when 658 is divided by 65.
8
Calculate the remainder when 510 is divided by 22.
4
Calculate the remainder when 345 is divided by 91.
72
What is the remainder when 513 is divided by 173?
167
What is the remainder when 951 is divided by 119?
118
Calculate the remainder when 227 is divided by 34.
23
What is the remainder when 290 is divided by 97?
96
What is the remainder when 21 is divided by 6?
3
What is the remainder when 664 is divided by 206?
46
What is the remainder when 255 is divided by 8?
7
Calculate the remainder when 491 is divided by 102.
83
What is the remainder when 1052 is divided by 59?
49
Calculate the remainder when 394 is divided by 133.
128
Calculate the remainder when 205 is divided by 35.
30
Calculate the remainder when 255 is divided by 39.
21
Calculate the remainder when 429 is divided by 3.
0
What is the remainder when 3555 is divided by 22?
13
What is the remainder when 1078 is divided by 20?
18
Calculate the remainder when 928 is divided by 117.
109
Calculate the remainder when 186 is divided by 72.
42
Calculate the remainder when 164 is divided by 34.
28
What is the remainder when 567 is divided by 189?
0
What is the remainder when 433 is divided by 31?
30
Calculate the remainder when 4730 is divided by 19.
18
What is the remainder when 987 is divided by 13?
12
Calculate the remainder when 69 is divided by 12.
9
Calculate the remainder when 180 is divided by 47.
39
What is the remainder when 166 is divided by 24?
22
Calculate the remainder when 268 is divided by 6.
4
What is the remainder when 2372 is divided by 787?
11
What is the remainder when 243 is divided by 123?
120
Calculate the remainder when 177 is divided by 18.
15
Calculate the remainder when 7311 is divided by 133.
129
Calculate the remainder when 2965 is divided by 43.
41
What is the remainder when 23 is divided by 4?
3
Calculate the remainder when 269 is divided by 31.
21
Calculate the remainder when 716 is divided by 5.
1
Calculate the remainder when 475 is divided by 139.
58
What is the remainder when 146 is divided by 19?
13
What is the remainder when 222 is divided by 15?
12
What is the remainder when 158 is divided by 16?
14
What is the remainder when 69 is divided by 10?
9
Calculate the remainder when 156 is divided by 53.
50
Calculate the remainder when 2270 is divided by 71.
69
What is the remainder when 279 is divided by 12?
3
What is the remainder when 659 is divided by 2?
1
What is the remainder when 254 is divided by 63?
2
What is the remainder when 171 is divided by 48?
27
Calculate the remainder when 1233 is divided by 326.
255
What is the remainder when 595 is divided by 42?
7
Calculate the remainder when 271 is divided by 69.
64
Calculate the remainder when 88 is divided by 30.
28
What is the remainder when 150 is divided by 77?
73
What is the remainder when 683 is divided by 57?
56
What is the remainder when 183 is divided by 99?
84
What is the remainder when 53 is divided by 4?
1
What is the remainder when 6 is divided by 4?
2
Calculate the remainder when 137 is divided by 24.
17
What is the remainder when 584 is divided by 65?
64
Calculate the remainder when 232 is divided by 40.
32
Calculate the remainder when 407 is divided by 136.
135
Calculate the remainder when 1309 is divided by 432.
13
Calculate the remainder when 1390 is divided by 17.
13
Calculate the remainder when 1654 is divided by 72.
70
Calculate the remainder when 187 is divided by 16.
11
What is the remainder when 211 is divided by 32?
19
What is the remainder when 320 is divided by 77?
12
What is the remainder when 111 is divided by 68?
43
What is the remainder when 109 is divided by 11?
10
What is the remainder when 114 is divided by 13?
10
Calculate the remainder when 645 is divided by 324.
321
Calculate the remainder when 2921 is divided by 79.
77
Calculate the remainder when 42 is divided by 16.
10
What is the remainder when 394 is divided by 29?
17
What is the remainder when 2362 is divided by 17?
16
Calculate the remainder when 362 is divided by 93.
83
Calculate the remainder when 1388 is divided by 82.
76
What is the remainder when 4385 is divided by 51?
50
What is the remainder when 140 is divided by 107?
33
What is the remainder when 458 is divided by 56?
10
What is the remainder when 141 is divided by 73?
68
What is the remainder when 24405 is divided by 11?
7
Calculate the remainder when 100 is divided by 60.
40
Calculate the remainder when 839 is divided by 28.
27
Calculate the remainder when 1384 is div